 a composite number?
True
Is 6663 a prime number?
False
Is 229715 prime?
False
Is 1941223 a prime number?
False
Is 164471 a composite number?
False
Is 7778 prime?
False
Is 66237 a prime number?
False
Is 128669 a composite number?
False
Is 16827397 prime?
True
Is 1371 a composite number?
True
Is 501 a prime number?
False
Is 851899 a composite number?
False
Is 441971 composite?
False
Is 26327 prime?
False
Is 139233 a prime number?
False
Is 2897 composite?
False
Is 2190091 a composite number?
False
Is 29789 prime?
True
Is 13989 composite?
True
Is 73001 a prime number?
False
Is 475949 a composite number?
True
Is 4525981 prime?
True
Is 54541 prime?
True
Is 2453 a composite number?
True
Is 6029 composite?
False
Is 1703783 prime?
True
Is 2203 a prime number?
True
Is 63223 prime?
False
Is 10453 a prime number?
True
Is 421607 a prime number?
True
Is 57643 a prime number?
False
Is 4703 prime?
True
Is 46091 a composite number?
False
Is 247669 a prime number?
False
Is 36082 a prime number?
False
Is 789187 composite?
True
Is 47459 composite?
False
Is 2837 prime?
True
Is 3843499 composite?
True
Is 461971 a composite number?
False
Is 361729 prime?
False
Is 25717 composite?
False
Is 512089 a prime number?
False
Is 3107 a composite number?
True
Is 81449 prime?
False
Is 916259 a composite number?
False
Is 200047 composite?
True
Is 21169 a prime number?
True
Is 163 a prime number?
True
Is 147029 prime?
True
Is 148978 prime?
False
Is 4109 a composite number?
True
Is 476347 a composite number?
False
Is 4201 prime?
True
Is 445 prime?
False
Is 3122443 a prime number?
False
Is 15815 a composite number?
True
Is 5158 a composite number?
True
Is 5645 a composite number?
True
Is 166147 prime?
True
Is 22807 prime?
True
Is 285823 composite?
False
Is 22901 a composite number?
False
Is 6449 a composite number?
False
Is 878489 a prime number?
True
Is 259 prime?
False
Is 379 composite?
False
Is 189547 prime?
True
Is 440843 a composite number?
True
Is 149921 a composite number?
False
Is 52781 prime?
False
Is 329131 composite?
True
Is 12451 composite?
False
Is 139361 composite?
False
Is 2778099 composite?
True
Is 184883 a composite number?
True
Is 40909 a prime number?
False
Is 2402 a prime number?
False
Is 98297 composite?
False
Is 5227 composite?
False
Is 132317 a prime number?
False
Is 481343 a composite number?
False
Is 4534 prime?
False
Is 38401 prime?
False
Is 47453 a prime number?
False
Is 1931 a prime number?
True
Is 230557 a composite number?
True
Is 101509 prime?
False
Is 654491 a composite number?
False
Is 180161 a composite number?
False
Is 2363359 composite?
False
Is 1171309 a prime number?
False
Is 188459 a composite number?
False
Is 9977 prime?
False
Is 1535 composite?
True
Is 208918 a prime number?
False
Is 32203 a prime number?
True
Is 950639 a composite number?
False
Is 5051 prime?
True
Is 7830577 a prime number?
True
Is 1949 a composite number?
False
Is 213881 a composite number?
False
Is 116995 composite?
True
Is 1630159 composite?
False
Is 5147 composite?
False
Is 468415 composite?
True
Is 2722 composite?
True
Is 14963 composite?
True
Is 11579 a composite number?
False
Is 112641 composite?
True
Is 52999 a prime number?
True
Is 1657 a composite number?
False
Is 17657 a prime number?
True
Is 20161 composite?
False
Is 492581 composite?
True
Is 4045 prime?
False
Is 183569 a prime number?
True
Is 2357 a prime number?
True
Is 29117 composite?
True
Is 103001 a composite number?
False
Is 15173 composite?
False
Is 13909 a prime number?
False
Is 11069 a composite number?
False
Is 229193 composite?
True
Is 7283 prime?
True
Is 8391073 a prime number?
True
Is 191 a prime number?
True
Is 228221 prime?
False
Is 52201 composite?
False
Is 328477 composite?
True
Is 320821 prime?
True
Is 7493 a prime number?
False
Is 47053 a prime number?
False
Is 30673 a composite number?
True
Is 71493 prime?
False
Is 2162543 a prime number?
True
Is 9069 prime?
False
Is 206177 prime?
True
Is 35797 a composite number?
False
Is 102385 composite?
True
Is 14857 prime?
False
Is 5703 a prime number?
False
Is 99377 a composite number?
False
Is 15527 a prime number?
True
Is 5891 a prime number?
False
Is 31091 prime?
True
Is 31303 composite?
True
Is 66919 a composite number?
False
Is 460969 a composite number?
False
Is 8609 a composite number?
False
Is 1282 a composite number?
True
Is 1739 a prime number?
False
Is 81097 a prime number?
True
Is 15959 composite?
False
Is 342647 a composite number?
False
Is 343031 prime?
False
Is 9643 composite?
False
Is 683 a composite number?
False
Is 369791 a prime number?
True
Is 269162 a prime number?
False
Is 2590721 composite?
True
Is 2101 a composite number?
True
Is 4757 a prime number?
False
Is 91505 prime?
False
Is 329 prime?
False
Is 1721 a composite number?
False
Is 112403 prime?
True
Is 617401 a prime number?
True
Is 16183 a composite number?
False
Is 72043 prime?
True
Is 104249 prime?
False
Is 2215277 a prime number?
True
Is 128543 a composite number?
True
Is 228679 a prime number?
False
Is 16943 composite?
False
Is 1889 composite?
False
Is 12097 prime?
True
Is 36983 prime?
False
Is 1744739 a prime number?
False
Is 3593 composite?
False
Is 3499 prime?
True
Is 990959 a composite number?
True
Is 61147 prime?
False
Is 74489 a composite number?
False
Is 10061 composite?
False
Is 185021 a prime number?
True
Is 2650421 a prime number?
False
Is 280409 prime?
True
Is 1277 prime?
True
Is 152617 a composite number?
False
Is 12209 composite?
True
Is 196723 a composite number?
True
Is 33997 a composite number?
False
Is 47473 a composite number?
True
Is 9311 composite?
False
Is 146279 a composite number?
True
Is 915683 prime?
True
Is 11147 composite?
True
Is 1194059 composite?
False
Is 663151 prime?
False
Is 2679479 composite?
True
Is 13643 a composite number?
True
Is 54541 a prime number?
True
Is 186071 composite?
False
Is 46201 a composite number?
True
Is 2999 composite?
False
Is 163919 prime?
False
Is 592271 prime?
False
Is 16669 a composite number?
True
Is 219665 a prime number?
False
Is 28293 composite?
True
Is 912298 a prime number?
False
Is 46571 a composite number?
True
Is 1533413 a composite number?
True
Is 1343627 a prime number?
True
Is 740965 composite?
True
Is 14657 composite?
False
Is 5669 a composite number?
False
Is 92405 composite?
True
Is 16041 composite?
True
Is 6805 composite?
True
Is 119039 composite?
False
Is 123889 composite?
True
Is 1083707 a prime number?
True
Is 1257 a prime number?
False
Is 138101 composite?
False
Is 865 composite?
True
Is 338833 a composite number?
True
Is 793469 a composite number?
True
Is 2819 composite?
False
Is 94291 composite?
False
Is 395 a prime number?
False
Is 28201 a prime number?
True
Is 60087 a prime number?
False
Is 500957 composite?
False
Is 2302 a composite number?
True
Is 43039 a composite number?
True
Is 20441 a prime number?
True
Is 295333 a prime number?
True
Is 2161 a composite number?
False
Is 41577 a composite number?
True
Is 736787 prime?
True
Is 422677 a composite number?
True
Is 20593 composite?
False
Is 316493 a prime number?
True
Is 347329 a composite number?
False
Is 20669 a composite number?
True
Is 337373 prime?
False
Is 116891 a composite number?
True
Is 8311 composite?
False
Is 91507 composite?
True
Is 458357 a composite number?
False
Is 1854487 composite?
False
Is 25147 prime?
True
Is 21799 a prime number?
True
Is 86003 prime?
False
Is 1191379 a composite number?
True
Is 360037 prime?
True
Is 145387 prime?
False
Is 179317 a prime number?
True
Is 31261 a prime number?
False
Is 10495 a prime number?
False
Is 49615 composite?
True
Is 140521 a composite number?
False
Is 107309 a prime number?
True
Is 2897 a prime number?
True
Is 6835 a prime number?
False
Is 57467 a composite number?
False
Is 99563 composite?
False
Is 2437 prime?
True
Is 3427 prime?
False
Is 159 a prime number?
False
Is 8443 a composite number?
False
Is 35419 composite?
False
Is 20039 a prime number?
False
Is 91183 composite?
False
Is 17077 a prime number?
True
Is 28759 prime?
True
Is 13042 prime?
False
Is 74821 a composite number?
False
Is 39643 a composite number?
True
Is 6469 prime?
True
Is 1640803 composite?
False
Is 312269 a composite number?
False
Is 649849 composite?
False
Is 41611 a composite number?
False
Is 2251 pri